{"id":2722,"date":"2026-01-22T05:45:01","date_gmt":"2026-01-22T05:45:01","guid":{"rendered":"https:\/\/astrowondergirl.com\/?post_type=product&#038;p=2722"},"modified":"2026-02-11T03:22:31","modified_gmt":"2026-02-11T03:22:31","slug":"kapcsolati-elemzes-szinasztria","status":"publish","type":"product","link":"https:\/\/astrowondergirl.com\/index.php\/product\/kapcsolati-elemzes-szinasztria\/","title":{"rendered":"Kapcsolati elemz\u00e9s &#8211; Szinasztria"},"content":{"rendered":"","protected":false},"excerpt":{"rendered":"<p class=\"p1\">Az asztrol\u00f3giai szinasztria elemz\u00e9s felt\u00e1rja k\u00e9t ember kapcsolati dinamik\u00e1j\u00e1t, megmutatva az er\u0151ss\u00e9geket, kih\u00edv\u00e1sokat \u00e9s a karmikus tanulnival\u00f3kat. Seg\u00edt m\u00e9lyebben meg\u00e9rten a m\u00e1sik szem\u00e9ly \u00e9rzelmi m\u0171k\u00f6d\u00e9s \u00e9s hogy hogyan m\u0171k\u00f6dt\u00f6k egy\u00fctt egy kapcsolatban. Az elemz\u00e9s r\u00e1vil\u00e1g\u00edt arra is, hogy miben tudj\u00e1tok t\u00e1mogatni egym\u00e1s fejl\u0151d\u00e9s\u00e9t. Ide\u00e1lis v\u00e1laszt\u00e1s p\u00e1rkapcsolati \u00f6nismerethez, vagy egy kapcsolat tudatosabb meg\u00e9l\u00e9s\u00e9hez.<\/p>\n<p>&nbsp;<\/p>\n<p><em>Miut\u00e1n megv\u00e1s\u00e1roltad ezt a szolg\u00e1ltat\u00e1st, k\u00e9rlek navig\u00e1lj a Kapcsolat men\u00fcpontra, \u00e9s k\u00fcldd el nekem a pontos sz\u00fclet\u00e9si adatait mind a k\u00e9t szem\u00e9lynek (hely, d\u00e1tum, \u00f3ra \u00e9s perc),illetve a jelenlegi lak\u00f3hely\u00fcket, valamint a konkr\u00e9t k\u00e9rd\u00e9seket, amire kiv\u00e1ncsi vagy. Az adatok megad\u00e1sa ut\u00e1n k\u00e9t-h\u00e1rom h\u00e9ten bel\u00fcl k\u00fcld\u00f6m a kb. 50-60 perces hangfelv\u00e9telt.<\/em><\/p>\n","protected":false},"featured_media":2734,"template":"","meta":{"site-sidebar-layout":"default","site-content-layout":"","ast-site-content-layout":"default","site-content-style":"default","site-sidebar-style":"default","ast-global-header-display":"","ast-banner-title-visibility":"","ast-main-header-display":"","ast-hfb-above-header-display":"","ast-hfb-below-header-display":"","ast-hfb-mobile-header-display":"","site-post-title":"","ast-breadcrumbs-content":"","ast-featured-img":"","footer-sml-layout":"","theme-transparent-header-meta":"default","adv-header-id-meta":"","stick-header-meta":"","header-above-stick-meta":"","header-main-stick-meta":"","header-below-stick-meta":"","astra-migrate-meta-layouts":"set","ast-page-background-enabled":"default","ast-page-background-meta":{"desktop":{"background-color":"var(--ast-global-color-4)","background-image":"","background-repeat":"repeat","background-position":"center center","background-size":"auto","background-attachment":"scroll","background-type":"","background-media":"","overlay-type":"","overlay-color":"","overlay-gradient":""},"tablet":{"background-color":"","background-image":"","background-repeat":"repeat","background-position":"center center","background-size":"auto","background-attachment":"scroll","background-type":"","background-media":"","overlay-type":"","overlay-color":"","overlay-gradient":""},"mobile":{"background-color":"","background-image":"","background-repeat":"repeat","background-position":"center center","background-size":"auto","background-attachment":"scroll","background-type":"","background-media":"","overlay-type":"","overlay-color":"","overlay-gradient":""}},"ast-content-background-meta":{"desktop":{"background-color":"var(--ast-global-color-5)","background-image":"","background-repeat":"repeat","background-position":"center center","background-size":"auto","background-attachment":"scroll","background-type":"","background-media":"","overlay-type":"","overlay-color":"","overlay-gradient":""},"tablet":{"background-color":"var(--ast-global-color-5)","background-image":"","background-repeat":"repeat","background-position":"center center","background-size":"auto","background-attachment":"scroll","background-type":"","background-media":"","overlay-type":"","overlay-color":"","overlay-gradient":""},"mobile":{"background-color":"var(--ast-global-color-5)","background-image":"","background-repeat":"repeat","background-position":"center center","background-size":"auto","background-attachment":"scroll","background-type":"","background-media":"","overlay-type":"","overlay-color":"","overlay-gradient":""}}},"product_cat":[17],"product_tag":[],"_links":{"self":[{"href":"https:\/\/astrowondergirl.com\/index.php\/wp-json\/wp\/v2\/product\/2722"}],"collection":[{"href":"https:\/\/astrowondergirl.com\/index.php\/wp-json\/wp\/v2\/product"}],"about":[{"href":"https:\/\/astrowondergirl.com\/index.php\/wp-json\/wp\/v2\/types\/product"}],"wp:featuredmedia":[{"embeddable":true,"href":"https:\/\/astrowondergirl.com\/index.php\/wp-json\/wp\/v2\/media\/2734"}],"wp:attachment":[{"href":"https:\/\/astrowondergirl.com\/index.php\/wp-json\/wp\/v2\/media?parent=2722"}],"wp:term":[{"taxonomy":"product_cat","embeddable":true,"href":"https:\/\/astrowondergirl.com\/index.php\/wp-json\/wp\/v2\/product_cat?post=2722"},{"taxonomy":"product_tag","embeddable":true,"href":"https:\/\/astrowondergirl.com\/index.php\/wp-json\/wp\/v2\/product_tag?post=2722"}],"curies":[{"name":"wp","href":"https:\/\/api.w.org\/{rel}","templated":true}]}}