{"id":2688,"date":"2026-01-10T06:55:55","date_gmt":"2026-01-10T06:55:55","guid":{"rendered":"https:\/\/astrowondergirl.com\/?post_type=product&#038;p=2688"},"modified":"2026-02-16T08:28:08","modified_gmt":"2026-02-16T08:28:08","slug":"mindent-a-12-csillagjegyekrol-online-kurzus","status":"publish","type":"product","link":"https:\/\/astrowondergirl.com\/index.php\/product\/mindent-a-12-csillagjegyekrol-online-kurzus\/","title":{"rendered":"Mindent a 12 csillagjegyekr\u0151l &#8211; Online kurzus"},"content":{"rendered":"","protected":false},"excerpt":{"rendered":"<p class=\"p1\">Ez a k\u00f6zel 3 \u00f3r\u00e1s online kurzus \u00e1tfog\u00f3 \u00e9s k\u00f6z\u00e9rthet\u0151 betekint\u00e9st ad a 12 csillagjegy magas \u00e9s alacsony szint\u0171 energi\u00e1iba, seg\u00edtve az \u00f6nismeretet \u00e9s a tudatosabb m\u0171k\u00f6d\u00e9st. Megismerheted az asztrol\u00f3giai modalit\u00e1sokat \u00e9s elemeket, valamint azt, hogyan hatnak ezek a szem\u00e9lyis\u00e9gre \u00e9s a mindennapi m\u0171k\u00f6d\u00e9s\u00fcnkre. A kurzus ide\u00e1lis mind kezd\u0151knek, mind halad\u00f3knak, akik m\u00e9lyebb \u00f6sszef\u00fcgg\u00e9sekre k\u00edv\u00e1ncsiak.<\/p>\n<p>&nbsp;<\/p>\n<p class=\"p1\"><em>A megrendel\u00e9s ut\u00e1n 24 \u00f3r\u00e1n bel\u00fcl megosztom veled a linket a vide\u00f3khoz.<\/em><\/p>\n","protected":false},"featured_media":2675,"template":"","meta":{"site-sidebar-layout":"default","site-content-layout":"","ast-site-content-layout":"default","site-content-style":"default","site-sidebar-style":"default","ast-global-header-display":"","ast-banner-title-visibility":"","ast-main-header-display":"","ast-hfb-above-header-display":"","ast-hfb-below-header-display":"","ast-hfb-mobile-header-display":"","site-post-title":"","ast-breadcrumbs-content":"","ast-featured-img":"","footer-sml-layout":"","theme-transparent-header-meta":"default","adv-header-id-meta":"","stick-header-meta":"","header-above-stick-meta":"","header-main-stick-meta":"","header-below-stick-meta":"","astra-migrate-meta-layouts":"set","ast-page-background-enabled":"default","ast-page-background-meta":{"desktop":{"background-color":"var(--ast-global-color-4)","background-image":"","background-repeat":"repeat","background-position":"center center","background-size":"auto","background-attachment":"scroll","background-type":"","background-media":"","overlay-type":"","overlay-color":"","overlay-gradient":""},"tablet":{"background-color":"","background-image":"","background-repeat":"repeat","background-position":"center center","background-size":"auto","background-attachment":"scroll","background-type":"","background-media":"","overlay-type":"","overlay-color":"","overlay-gradient":""},"mobile":{"background-color":"","background-image":"","background-repeat":"repeat","background-position":"center center","background-size":"auto","background-attachment":"scroll","background-type":"","background-media":"","overlay-type":"","overlay-color":"","overlay-gradient":""}},"ast-content-background-meta":{"desktop":{"background-color":"var(--ast-global-color-5)","background-image":"","background-repeat":"repeat","background-position":"center center","background-size":"auto","background-attachment":"scroll","background-type":"","background-media":"","overlay-type":"","overlay-color":"","overlay-gradient":""},"tablet":{"background-color":"var(--ast-global-color-5)","background-image":"","background-repeat":"repeat","background-position":"center center","background-size":"auto","background-attachment":"scroll","background-type":"","background-media":"","overlay-type":"","overlay-color":"","overlay-gradient":""},"mobile":{"background-color":"var(--ast-global-color-5)","background-image":"","background-repeat":"repeat","background-position":"center center","background-size":"auto","background-attachment":"scroll","background-type":"","background-media":"","overlay-type":"","overlay-color":"","overlay-gradient":""}}},"product_cat":[17],"product_tag":[],"_links":{"self":[{"href":"https:\/\/astrowondergirl.com\/index.php\/wp-json\/wp\/v2\/product\/2688"}],"collection":[{"href":"https:\/\/astrowondergirl.com\/index.php\/wp-json\/wp\/v2\/product"}],"about":[{"href":"https:\/\/astrowondergirl.com\/index.php\/wp-json\/wp\/v2\/types\/product"}],"wp:featuredmedia":[{"embeddable":true,"href":"https:\/\/astrowondergirl.com\/index.php\/wp-json\/wp\/v2\/media\/2675"}],"wp:attachment":[{"href":"https:\/\/astrowondergirl.com\/index.php\/wp-json\/wp\/v2\/media?parent=2688"}],"wp:term":[{"taxonomy":"product_cat","embeddable":true,"href":"https:\/\/astrowondergirl.com\/index.php\/wp-json\/wp\/v2\/product_cat?post=2688"},{"taxonomy":"product_tag","embeddable":true,"href":"https:\/\/astrowondergirl.com\/index.php\/wp-json\/wp\/v2\/product_tag?post=2688"}],"curies":[{"name":"wp","href":"https:\/\/api.w.org\/{rel}","templated":true}]}}